a(1). Suppose -2*h + 5*g = 3*h + 15, 0 = t*h + 4*g + 28. Calculate s(h).
-2
Let j(y) = -y. Let g be j(3). Let u = -7 - g. Let p(w) = w + 4. Calculate p(u).
0
Let x(g) = -g**2 + g. Let m(n) = 4*n**2 + 5*n - 1. Let t(l) = 5*l**2 + 6*l - 1. Let d(k) = 3*m(k) - 2*t(k). Let s(v) = -d(v) - x(v). What is s(-5)?
-4
Let z be (5/10)/((-2)/24). Let f(i) = 66*i**2 + 0*i**3 - 72*i**2 + i**3 - 6 - 2*i**3. Calculate f(z).
-6
Suppose 2*d + 10 = 0, -p + 5 = -3*d - 5. Let c(j) = j**2 + 4*j + 3. What is c(p)?
8
Suppose -2 = -p + 2*u, -5*p + 0*u - 3*u = 16. Let s(l) = -8*l**2 - 2*l - 3. Give s(p).
-31
Suppose -4*u = -3*u - 3. Let z(x) = -x - u*x - 7 + 0*x**2 + 0*x + x**2. Calculate z(6).
5
Let y(j) = -j**2 + 4*j + 6. Let w = -16 + -2. Let o be 0 - (-1)/((-3)/w). Determine y(o).
-6
Let i be (-85)/15 + 4/6. Let q(n) = -n**2 - 5*n - 2. Give q(i).
-2
Let v(n) = n + 7. Let c be v(-3). Let d(y) = -y**3 + 5*y**2 - 2*y - 4. Determine d(c).
4
Let k be 3*-1*(-4)/6. Let g = 14 - 11. Let x(r) = -r + 2*r**2 + 3*r**2 - 4*r**2 + g - r. Give x(k).
3
Let t(y) = y**2 + y + 1. Suppose 0 = -i - 2*l + 3, 6*l - 12 = -4*i + 2*l. Suppose r + 4 = i*r. Give t(r).
7
Let d(x) = x**3 + 7*x**2 - 7*x + 5. Let o(u) = 12*u + 28. Let a be o(-3). Give d(a).
-3
Let j = -4 - 2. Let c(w) = w**2 + 5*w - 2. Determine c(j).
4
Let a(k) = k**3 + k**2 - 3*k - 2. Let n(w) = -2*w - w**3 + 2*w**3 - 8 - w + 8*w + 7*w**2. Let u be n(-6). Calculate a(u).
0
Suppose -31 = 5*g - 6. Let s(p) = -3 - 1 + 6*p**2 + 7*p - 3*p + p**3. Determine s(g).
1
Suppose 0 = 4*x + 35 - 19. Let t(a) = -a**2 - 4*a - 2. What is t(x)?
-2
Let r(w) = -5*w**3 + 18*w**2 + 17*w - 23. Let i(q) = -3*q**3 + 12*q**2 + 11*q - 15. Let g(f) = 8*i(f) - 5*r(f). What is g(-5)?
5
Let d(g) be the first derivative of -5*g**4/4 - g**2/2 - g + 7. Let v = 12 - 13. Give d(v).
5
Let o(b) be the first derivative of b - 2 + 5/2*b**2. What is o(-1)?
-4
Let p(d) = d + 2. Let u be p(-1). Let c(j) be the first derivative of 2*j + 13. Let s(t) = -t - 1. Let z(h) = u*s(h) + c(h). What is z(-3)?
4
Let x(q) = -2*q**2 + 4*q. Let f(o) = -o**2 - 4*o. Let i be f(-3). Let t = i + -5. Let g(y) = -2*y - 1. Let u be g(t). Determine x(u).
-6
Let d(r) = -19*r - 3. Let f(k) = 1. Let u(z) = -d(z) - 4*f(z). What is u(1)?
18
Let w(l) be the first derivative of 2*l**3/3 + l**2/2 - 26. Determine w(1).
3
Let o(x) be the second derivative of -x**3/6 - 4*x**2 - x. Suppose -107*c - 150 = -82*c. What is o(c)?
-2
Let r(n) = -5*n**2 - 7*n + 13. Let c(s) = -14*s**2 - 20*s + 38. Let x(l) = -6*c(l) + 17*r(l). Determine x(0).
-7
Let n(m) = m**2 + 3*m. Let p(v) = -v**3 - 8*v**2 - v - 11. Let d be p(-8). Give n(d).
0
Let a = -194 + 192. Let m(x) = -x**2 + 3*x + 1. What is m(a)?
-9
Let i(w) = -w**3 - w**2 + 1. Let d = 3 + 5. Suppose -10 = 3*v - d*v. Suppose -v*q = 4 - 8. Determine i(q).
-11
Let o(z) = -6*z**2 + 6*z + 2 + 2 + 5*z**2 + 2*z**2. Give o(-4).
-4
Let f(g) = g**3 + 6*g**2 - g - 8. Suppose -2*c + 5*c + 6 = 0, -3*p - 10 = -4*c. Calculate f(p).
-2
Let s(c) = 6*c**2 + 5*c - 13. Let m(z) = -7*z**2 - 6*z + 13. Let p(h) = 5*m(h) + 6*s(h). Calculate p(0).
-13
Let a(o) = 2 + 8*o - 21*o + 14*o. What is a(-5)?
-3
Let o(u) be the third derivative of u**6/120 + u**5/5 + 11*u**4/24 - 5*u**3/6 - 18*u**2. Determine o(-11).
-5
Let j = -21 + 31. Suppose 0*m = -5*m + j. Let y(n) = 8*n + n - n**m - 16*n - 9. Give y(-6).
-3
Let v = -15 - -11. Let u(b) = -6*b**2 + 3*b - 8. Let q(o) = 5*o**2 - 3*o + 7. Let d(n) = v*u(n) - 5*q(n). What is d(3)?
-3
Let l(a) = -3*a + 3. Let f be 16/(-2 + 6) + -1. Give l(f).
-6
Let b(p) = p**2 - p + 1. Let k be ((-7)/14)/((-2)/(-4)). Let d(q) be the third derivative of q**6/120 + q**5/30 + q**4/24 + q**2. Let c be d(k). Give b(c).
1
Let r(s) = -s**2 + 8*s + 12. Let j be r(9). Let a(w) = -w**2 + w + 3. Give a(j).
-3
Let u = -25 + 27. Let z(r) = 2*r**2 - 2*r. What is z(u)?
4
Let o(y) = y. Let k = -2 - -3. Let u(n) = -4*n - 2. Let q(l) = k*u(l) + o(l). Calculate q(-3).
7
Let h(g) = 1 + 2 + 0 - g - 4. Determine h(4).
-5
Let d(m) be the first derivative of m**2/2 + 4*m - 1. Let s = -191 + 184. Calculate d(s).
-3
Let i(r) be the third derivative of 0*r + 0*r**4 + 0*r**3 + 0 - 1/20*r**5 + 5*r**2. Calculate i(1).
-3
Let s = 5 + -4. Suppose -8 = 3*g + s. Let i(m) = 3*m - 3. Calculate i(g).
-12
Let z(r) = -15*r**2 + 15*r + 9. Suppose -3*j + 3*i = i + 24, -5*j - 5*i - 15 = 0. Let o(a) = 7*a**2 - 7*a - 4. Let l(b) = j*z(b) - 13*o(b). Give l(-2).
-8
Let b = 0 + 0. Let v = b + 6. Let r(o) = -3 + 2 + o - v. Give r(0).
-7
Suppose -q - 2 = 2*t - 0*t, 0 = 3*t + q + 1. Let p = 5 + 1. Let k(b) = -b**2 - p*b + 0*b + 2*b + 3*b. Determine k(t).
-2
Let f = 8 + -4. Let q(x) = -5*x + 3*x - 4*x + 1 + f*x. Let b be q(1). Let y(i) = -5*i + 1. Determine y(b).
6
Let x(h) be the third derivative of h**6/20 + h**5/30 + h**4/12 + h**3/6 - 15*h**2. Give x(-1).
-5
Let i(z) = -5*z + 3. Let u = -10 + 14. What is i(u)?
-17
Let h(o) = 3*o**3 + 9*o**2 + 6*o - 12. Let l(u) = 5*u**3 + 17*u**2 + 12*u - 23. Let m(i) = 7*h(i) - 4*l(i). Let g be ((-189)/28)/9*-8. Calculate m(g).
8
Suppose -q + 10 = q. Suppose 0 = 2*j - q*h + 4, -3*h = -j + 3 - 6. Let m(i) = i**2 - 2*i + 4. Give m(j).
7
Let v(l) = 2*l - 1. Suppose 2*s + 6 = i - 3*s, -5*i + 5*s + 10 = 0. Suppose i = w + 5. Calculate v(w).
-9
Let m = -1 + 5. Suppose 3*y + 3 = 2*s, 3*s + m*y - 4 = 9. Let u be (1/s)/((-1)/6). Let i(j) = -j**3 - j**2 - j - 1. Give i(u).
5
Suppose 0 = -0*f - 2*f + 18. Suppose -5*x = -4*d + f + 6, 3*d - x - 14 = 0. Let v(o) = -o - 2*o**3 - 7 - o + 27*o**2 - 21*o**2 + o**3. Give v(d).
8
Let m(f) = -f**3 + 10*f**2 - 7*f - 11. Let i = 76 - 67. Calculate m(i).
7
Suppose 0*m + 2*m = -5*q + 6, q + 6 = 2*m. Let o = m - 5. Let y(p) be the third derivative of -p**6/120 - p**5/15 - p**4/8 - p**3/6 + 9*p**2. Calculate y(o).
-3
Let n(z) = z + 3. Let x be (0 - -3)*(1 + 2). Let g = x - 9. Determine n(g).
3
Suppose 3*a - 2*b = -9, -2*a = -6*b + 10*b + 6. Let q(k) = -k**3 + 3*k - 2. Give q(a).
16
Let o(f) = -f. Let i(z) = -2*z - 2. Let w(d) = -i(d) - 2*o(d). Give w(-3).
-10
Let q be 1/(((-91)/42)/13). Let m(v) be the third derivative of -1/4*v**4 - v**2 + 0 + 0*v**3 + 0*v - 1/60*v**5. What is m(q)?
0
Let h(f) = 2*f**2 - 2*f + 1. Let g(w) = -w**2. Let n(a) = -4*g(a) - h(a). Determine n(1).
3
Let w(l) be the third derivative of -l**6/120 + l**5/15 - l**4/12 + l**3/2 - 2*l**2. Let a = -6 + 8. Let n be 5 + -3*a/3. Give w(n).
6
Let h = 306 - 471. Let o be 6/(-10) - h/25. Let x(v) = -2*v + 4. Calculate x(o).
-8
Suppose 0 = -q + 5, 5*f - 4*q = -q. Let w(d) = 0*d + 2 + 3*d - 4 - d**2. Give w(f).
-2
Let p(b) = b**2 + 7*b + 1. Let k be p(-6). Let t = -9 + 9. Let v(c) = 1 - 2*c + t*c + 3*c + 4. What is v(k)?
0
Let w(u) = 8*u + 3*u**2 - 2*u**2 + 3 - u. What is w(-5)?
-7
Let z(n) = -n + 12. Suppose -4*j = -2*j - 12. Give z(j).
6
Let s(z) = -z**3 - 4*z**2 - z + 1. Let m = -7 - -5. Calculate s(m).
-5
Suppose -h = -a - 6, -9 = -3*h + 5*a + 13. Let o(y) = -1. Let b(x) = x + 3. Let s(q) = -b(q) - 5*o(q). Calculate s(h).
-2
Let w(k) be the second derivative of k**3/6 - 6*k. Determine w(-2).
-2
Let i(k) = 7*k**3 - 7*k**2 + 5*k - 1. Let j(r) = -3*r**3 + 4*r**2 - 2*r. Let u(b) = -b**2 - 9*b - 9. Let s be u(-7). Let d(m) = s*j(m) + 2*i(m). What is d(6)?
-2
Let r(y) be the first derivative of -y**4/4 + 4*y**3/3 - 2*y - 15. Let t = -3 + 7. What is r(t)?
-2
Let q(k) be the first derivative of 2*k - 3 - 2*k**2 + k**2 - 8*k. Give q(-6).
6
Suppose 7*b + 54 = 4*b. Let k = -22 - b. Let i(y) = 3*y + 5. Calculate i(k).
-7
Let h(p) = 9*p**2 - p + 1. Let y(o) be the third derivative of -37*o**5/60 + 5*o**4/24 - 5*o**3/6 + 3*o**2. Let v(w) = 9*h(w) + 2*y(w). Calculate v(1).
7
Let x be (2/2)/((81/90)/(-9)). Let m(d) = d + 6. Calculate m(x).
-4
Let o be (-1 - (3 - 0))*(-6)/4. Let q(p) = p**3 - 5*p**2 - 9*p + 1. Give q(o).
-17
Let b(a) = a**3 + 6*a**2 + 7*a. Let m be 2/6*(-21 + 6). Give b(m).
-10
Let s(j) be the third derivative of 1/8*j**4 - j**2 + 1/6*j**3 + 0*j + 1/12*j**5 + 0 + 1/120*j**6. What is s(-4)?
5
Suppose 2*g = 3*r - 4 + 11, -r + 1 = -4*g. Let v = r + 0. Let m(o) be the third derivative of -o**5/30 - o**4/6 - o**3/3 + o**2. What is m(v)?
-8
Let j(z) be the first derivative of -5/2*z**2 + 0*z + 2. Suppose -3*k = -k - 4. Give j(k).
-10
Let s(c) = -3 + 3 + 4*c + c**2. Let p be 282/(-54) + 2/9